{"id":3954,"date":"2023-03-06T14:16:39","date_gmt":"2023-03-06T13:16:39","guid":{"rendered":"https:\/\/anpil.org\/?post_type=product&#038;p=3954"},"modified":"2024-07-04T16:45:21","modified_gmt":"2024-07-04T14:45:21","slug":"ayti-terra-delle-alte-montagne","status":"publish","type":"product","link":"https:\/\/anpil.org\/en\/prodotto\/ayti-terra-delle-alte-montagne\/","title":{"rendered":"Libro fotografico &#8220;AYITI&#8221; (prima edizione)"},"content":{"rendered":"<p>Il prodotto ti verr\u00e0 consegnato\u00a0<strong>gi\u00e0 confezionato<\/strong>\u00a0con corriere espresso entro\u00a0<strong>15 giorni<\/strong>\u00a0lavorativi dalla data dell\u2019ordine.<\/p>\n<p>Per informazioni contattaci allo\u00a0<strong>026701633<\/strong>\u00a0oppure scrivi a\u00a0<strong>segreteria@anpil.org<\/strong><\/p>\n<p>Ti ricordiamo che il tuo\u00a0<strong>contributo<\/strong>\u00a0\u00e8\u00a0<strong>detraibile<\/strong>\u00a0ai fini fiscali,\u00a0come stabilito dal\u00a0<em>d. P. R. 917\/86<\/em>.<\/p>\n","protected":false},"excerpt":{"rendered":"<p>Questo libro fotografico vuole essere un omaggio ad un Paese straordinario e unico.<\/p>\n<p>Nasce dal desiderio di raccontare Haiti al di l\u00e0 dello stereotipo classico della meta caraibica, evitando facili e scontate banalizzazioni.<\/p>\n<p>In questo libro, immagini e parole si alternano a raccontare la quotidianit\u00e0 di un popolo che ha insegnato al Mondo intero il valore della Libert\u00e0, e che oggi, cerca di riscattare il proprio passato riacquistando fiducia in s\u00e9 stesso.<\/p>\n<p>Il libro si compone di cinque sezioni, cinque prospettive diverse per immergersi nella bellezza di Haiti.<\/p>\n<p>Il libro \u00e8 un invito a visitare questo Paese, dimostrando che, a dispetto degli uomini e degli eventi, dietro al velo del tempo e della trascuratezza, giace ancora, brillante e intatta, la vera Perla delle Antille : Ayiti.<\/p>\n","protected":false},"featured_media":3955,"template":"","meta":[],"product_brand":[],"product_cat":[88],"product_tag":[],"class_list":{"0":"post-3954","1":"product","2":"type-product","3":"status-publish","4":"has-post-thumbnail","6":"product_cat-libri","8":"first","9":"instock","10":"shipping-taxable","11":"purchasable","12":"product-type-simple"},"yoast_head":"<!-- This site is optimized with the Yoast SEO plugin v25.0 - https:\/\/yoast.com\/wordpress\/plugins\/seo\/ -->\n<title>Libro fotografico &quot;AYITI&quot; (prima edizione) - Anpil<\/title>\n<meta name=\"robots\" content=\"index, follow, max-snippet:-1, max-image-preview:large, max-video-preview:-1\" \/>\n<link rel=\"canonical\" href=\"https:\/\/anpil.org\/prodotto\/ayti-terra-delle-alte-montagne\/\" \/>\n<meta property=\"og:locale\" content=\"en_US\" \/>\n<meta property=\"og:type\" content=\"article\" \/>\n<meta property=\"og:title\" content=\"Libro fotografico &quot;AYITI&quot; (prima edizione) - Anpil\" \/>\n<meta property=\"og:description\" content=\"Questo libro fotografico vuole essere un omaggio ad un Paese straordinario e unico.  Nasce dal desiderio di raccontare Haiti al di l\u00e0 dello stereotipo classico della meta caraibica, evitando facili e scontate banalizzazioni.  In questo libro, immagini e parole si alternano a raccontare la quotidianit\u00e0 di un popolo che ha insegnato al Mondo intero il valore della Libert\u00e0, e che oggi, cerca di riscattare il proprio passato riacquistando fiducia in s\u00e9 stesso.  Il libro si compone di cinque sezioni, cinque prospettive diverse per immergersi nella bellezza di Haiti.  Il libro \u00e8 un invito a visitare questo Paese, dimostrando che, a dispetto degli uomini e degli eventi, dietro al velo del tempo e della trascuratezza, giace ancora, brillante e intatta, la vera Perla delle Antille : Ayiti.\" \/>\n<meta property=\"og:url\" content=\"https:\/\/anpil.org\/prodotto\/ayti-terra-delle-alte-montagne\/\" \/>\n<meta property=\"og:site_name\" content=\"Anpil\" \/>\n<meta property=\"article:modified_time\" content=\"2024-07-04T14:45:21+00:00\" \/>\n<meta property=\"og:image\" content=\"https:\/\/anpil.org\/wp-content\/uploads\/2023\/03\/copertina-ayiti.jpg\" \/>\n\t<meta property=\"og:image:width\" content=\"680\" \/>\n\t<meta property=\"og:image:height\" content=\"666\" \/>\n\t<meta property=\"og:image:type\" content=\"image\/jpeg\" \/>\n<meta name=\"twitter:card\" content=\"summary_large_image\" \/>\n<script type=\"application\/ld+json\" class=\"yoast-schema-graph\">{\"@context\":\"https:\/\/schema.org\",\"@graph\":[{\"@type\":\"WebPage\",\"@id\":\"https:\/\/anpil.org\/prodotto\/ayti-terra-delle-alte-montagne\/\",\"url\":\"https:\/\/anpil.org\/prodotto\/ayti-terra-delle-alte-montagne\/\",\"name\":\"Libro fotografico \\\"AYITI\\\" (prima edizione) - Anpil\",\"isPartOf\":{\"@id\":\"https:\/\/anpil.org\/#website\"},\"primaryImageOfPage\":{\"@id\":\"https:\/\/anpil.org\/prodotto\/ayti-terra-delle-alte-montagne\/#primaryimage\"},\"image\":{\"@id\":\"https:\/\/anpil.org\/prodotto\/ayti-terra-delle-alte-montagne\/#primaryimage\"},\"thumbnailUrl\":\"https:\/\/anpil.org\/wp-content\/uploads\/2023\/03\/copertina-ayiti.jpg\",\"datePublished\":\"2023-03-06T13:16:39+00:00\",\"dateModified\":\"2024-07-04T14:45:21+00:00\",\"breadcrumb\":{\"@id\":\"https:\/\/anpil.org\/prodotto\/ayti-terra-delle-alte-montagne\/#breadcrumb\"},\"inLanguage\":\"en-US\",\"potentialAction\":[{\"@type\":\"ReadAction\",\"target\":[\"https:\/\/anpil.org\/prodotto\/ayti-terra-delle-alte-montagne\/\"]}]},{\"@type\":\"ImageObject\",\"inLanguage\":\"en-US\",\"@id\":\"https:\/\/anpil.org\/prodotto\/ayti-terra-delle-alte-montagne\/#primaryimage\",\"url\":\"https:\/\/anpil.org\/wp-content\/uploads\/2023\/03\/copertina-ayiti.jpg\",\"contentUrl\":\"https:\/\/anpil.org\/wp-content\/uploads\/2023\/03\/copertina-ayiti.jpg\",\"width\":680,\"height\":666},{\"@type\":\"BreadcrumbList\",\"@id\":\"https:\/\/anpil.org\/prodotto\/ayti-terra-delle-alte-montagne\/#breadcrumb\",\"itemListElement\":[{\"@type\":\"ListItem\",\"position\":1,\"name\":\"Home\",\"item\":\"https:\/\/anpil.org\/\"},{\"@type\":\"ListItem\",\"position\":2,\"name\":\"Shop\",\"item\":\"https:\/\/anpil.org\/negozio\/\"},{\"@type\":\"ListItem\",\"position\":3,\"name\":\"Libro fotografico &#8220;AYITI&#8221; (prima edizione)\"}]},{\"@type\":\"WebSite\",\"@id\":\"https:\/\/anpil.org\/#website\",\"url\":\"https:\/\/anpil.org\/\",\"name\":\"Anpil\",\"description\":\"Insieme per il futuro dei bambini\",\"publisher\":{\"@id\":\"https:\/\/anpil.org\/#organization\"},\"potentialAction\":[{\"@type\":\"SearchAction\",\"target\":{\"@type\":\"EntryPoint\",\"urlTemplate\":\"https:\/\/anpil.org\/?s={search_term_string}\"},\"query-input\":{\"@type\":\"PropertyValueSpecification\",\"valueRequired\":true,\"valueName\":\"search_term_string\"}}],\"inLanguage\":\"en-US\"},{\"@type\":\"Organization\",\"@id\":\"https:\/\/anpil.org\/#organization\",\"name\":\"Anpil\",\"url\":\"https:\/\/anpil.org\/\",\"logo\":{\"@type\":\"ImageObject\",\"inLanguage\":\"en-US\",\"@id\":\"https:\/\/anpil.org\/#\/schema\/logo\/image\/\",\"url\":\"https:\/\/anpil.org\/wp-content\/uploads\/2021\/07\/Logo-ANPIL-insieme-per-i-bambini.png\",\"contentUrl\":\"https:\/\/anpil.org\/wp-content\/uploads\/2021\/07\/Logo-ANPIL-insieme-per-i-bambini.png\",\"width\":800,\"height\":231,\"caption\":\"Anpil\"},\"image\":{\"@id\":\"https:\/\/anpil.org\/#\/schema\/logo\/image\/\"}}]}<\/script>\n<!-- \/ Yoast SEO plugin. -->","yoast_head_json":{"title":"Libro fotografico \"AYITI\" (prima edizione) - Anpil","robots":{"index":"index","follow":"follow","max-snippet":"max-snippet:-1","max-image-preview":"max-image-preview:large","max-video-preview":"max-video-preview:-1"},"canonical":"https:\/\/anpil.org\/prodotto\/ayti-terra-delle-alte-montagne\/","og_locale":"en_US","og_type":"article","og_title":"Libro fotografico \"AYITI\" (prima edizione) - Anpil","og_description":"Questo libro fotografico vuole essere un omaggio ad un Paese straordinario e unico.  Nasce dal desiderio di raccontare Haiti al di l\u00e0 dello stereotipo classico della meta caraibica, evitando facili e scontate banalizzazioni.  In questo libro, immagini e parole si alternano a raccontare la quotidianit\u00e0 di un popolo che ha insegnato al Mondo intero il valore della Libert\u00e0, e che oggi, cerca di riscattare il proprio passato riacquistando fiducia in s\u00e9 stesso.  Il libro si compone di cinque sezioni, cinque prospettive diverse per immergersi nella bellezza di Haiti.  Il libro \u00e8 un invito a visitare questo Paese, dimostrando che, a dispetto degli uomini e degli eventi, dietro al velo del tempo e della trascuratezza, giace ancora, brillante e intatta, la vera Perla delle Antille : Ayiti.","og_url":"https:\/\/anpil.org\/prodotto\/ayti-terra-delle-alte-montagne\/","og_site_name":"Anpil","article_modified_time":"2024-07-04T14:45:21+00:00","og_image":[{"width":680,"height":666,"url":"https:\/\/anpil.org\/wp-content\/uploads\/2023\/03\/copertina-ayiti.jpg","type":"image\/jpeg"}],"twitter_card":"summary_large_image","schema":{"@context":"https:\/\/schema.org","@graph":[{"@type":"WebPage","@id":"https:\/\/anpil.org\/prodotto\/ayti-terra-delle-alte-montagne\/","url":"https:\/\/anpil.org\/prodotto\/ayti-terra-delle-alte-montagne\/","name":"Libro fotografico \"AYITI\" (prima edizione) - Anpil","isPartOf":{"@id":"https:\/\/anpil.org\/#website"},"primaryImageOfPage":{"@id":"https:\/\/anpil.org\/prodotto\/ayti-terra-delle-alte-montagne\/#primaryimage"},"image":{"@id":"https:\/\/anpil.org\/prodotto\/ayti-terra-delle-alte-montagne\/#primaryimage"},"thumbnailUrl":"https:\/\/anpil.org\/wp-content\/uploads\/2023\/03\/copertina-ayiti.jpg","datePublished":"2023-03-06T13:16:39+00:00","dateModified":"2024-07-04T14:45:21+00:00","breadcrumb":{"@id":"https:\/\/anpil.org\/prodotto\/ayti-terra-delle-alte-montagne\/#breadcrumb"},"inLanguage":"en-US","potentialAction":[{"@type":"ReadAction","target":["https:\/\/anpil.org\/prodotto\/ayti-terra-delle-alte-montagne\/"]}]},{"@type":"ImageObject","inLanguage":"en-US","@id":"https:\/\/anpil.org\/prodotto\/ayti-terra-delle-alte-montagne\/#primaryimage","url":"https:\/\/anpil.org\/wp-content\/uploads\/2023\/03\/copertina-ayiti.jpg","contentUrl":"https:\/\/anpil.org\/wp-content\/uploads\/2023\/03\/copertina-ayiti.jpg","width":680,"height":666},{"@type":"BreadcrumbList","@id":"https:\/\/anpil.org\/prodotto\/ayti-terra-delle-alte-montagne\/#breadcrumb","itemListElement":[{"@type":"ListItem","position":1,"name":"Home","item":"https:\/\/anpil.org\/"},{"@type":"ListItem","position":2,"name":"Shop","item":"https:\/\/anpil.org\/negozio\/"},{"@type":"ListItem","position":3,"name":"Libro fotografico &#8220;AYITI&#8221; (prima edizione)"}]},{"@type":"WebSite","@id":"https:\/\/anpil.org\/#website","url":"https:\/\/anpil.org\/","name":"Anpil","description":"Insieme per il futuro dei bambini","publisher":{"@id":"https:\/\/anpil.org\/#organization"},"potentialAction":[{"@type":"SearchAction","target":{"@type":"EntryPoint","urlTemplate":"https:\/\/anpil.org\/?s={search_term_string}"},"query-input":{"@type":"PropertyValueSpecification","valueRequired":true,"valueName":"search_term_string"}}],"inLanguage":"en-US"},{"@type":"Organization","@id":"https:\/\/anpil.org\/#organization","name":"Anpil","url":"https:\/\/anpil.org\/","logo":{"@type":"ImageObject","inLanguage":"en-US","@id":"https:\/\/anpil.org\/#\/schema\/logo\/image\/","url":"https:\/\/anpil.org\/wp-content\/uploads\/2021\/07\/Logo-ANPIL-insieme-per-i-bambini.png","contentUrl":"https:\/\/anpil.org\/wp-content\/uploads\/2021\/07\/Logo-ANPIL-insieme-per-i-bambini.png","width":800,"height":231,"caption":"Anpil"},"image":{"@id":"https:\/\/anpil.org\/#\/schema\/logo\/image\/"}}]}},"_links":{"self":[{"href":"https:\/\/anpil.org\/en\/wp-json\/wp\/v2\/product\/3954","targetHints":{"allow":["GET"]}}],"collection":[{"href":"https:\/\/anpil.org\/en\/wp-json\/wp\/v2\/product"}],"about":[{"href":"https:\/\/anpil.org\/en\/wp-json\/wp\/v2\/types\/product"}],"wp:featuredmedia":[{"embeddable":true,"href":"https:\/\/anpil.org\/en\/wp-json\/wp\/v2\/media\/3955"}],"wp:attachment":[{"href":"https:\/\/anpil.org\/en\/wp-json\/wp\/v2\/media?parent=3954"}],"wp:term":[{"taxonomy":"product_brand","embeddable":true,"href":"https:\/\/anpil.org\/en\/wp-json\/wp\/v2\/product_brand?post=3954"},{"taxonomy":"product_cat","embeddable":true,"href":"https:\/\/anpil.org\/en\/wp-json\/wp\/v2\/product_cat?post=3954"},{"taxonomy":"product_tag","embeddable":true,"href":"https:\/\/anpil.org\/en\/wp-json\/wp\/v2\/product_tag?post=3954"}],"curies":[{"name":"wp","href":"https:\/\/api.w.org\/{rel}","templated":true}]}}

<p>Il prodotto ti verrà consegnato <strong>già confezionato</strong> con corriere espresso entro <strong>15 giorni</strong> lavorativi dalla data dell’ordine.</p>
<p>Per informazioni contattaci allo <strong>026701633</strong> oppure scrivi a <strong>segreteria@anpil.org</strong></p>
<p>Ti ricordiamo che il tuo <strong>contributo</strong> è <strong>detraibile</strong> ai fini fiscali, come stabilito dal <em>d. P. R. 917/86</em>.</p>

<p>Questo libro fotografico vuole essere un omaggio ad un Paese straordinario e unico.</p>
<p>Nasce dal desiderio di raccontare Haiti al di là dello stereotipo classico della meta caraibica, evitando facili e scontate banalizzazioni.</p>
<p>In questo libro, immagini e parole si alternano a raccontare la quotidianità di un popolo che ha insegnato al Mondo intero il valore della Libertà, e che oggi, cerca di riscattare il proprio passato riacquistando fiducia in sé stesso.</p>
<p>Il libro si compone di cinque sezioni, cinque prospettive diverse per immergersi nella bellezza di Haiti.</p>
<p>Il libro è un invito a visitare questo Paese, dimostrando che, a dispetto degli uomini e degli eventi, dietro al velo del tempo e della trascuratezza, giace ancora, brillante e intatta, la vera Perla delle Antille : Ayiti.</p>

<!-- This site is optimized with the Yoast SEO plugin v25.0 - https://yoast.com/wordpress/plugins/seo/ -->
<title>Libro fotografico &quot;AYITI&quot; (prima edizione) - Anpil</title>
<meta name="robots" content="index, follow, max-snippet:-1, max-image-preview:large, max-video-preview:-1" />
<link rel="canonical" href="https://anpil.org/prodotto/ayti-terra-delle-alte-montagne/" />
<meta property="og:locale" content="en_US" />
<meta property="og:type" content="article" />
<meta property="og:title" content="Libro fotografico &quot;AYITI&quot; (prima edizione) - Anpil" />
<meta property="og:description" content="Questo libro fotografico vuole essere un omaggio ad un Paese straordinario e unico.  Nasce dal desiderio di raccontare Haiti al di là dello stereotipo classico della meta caraibica, evitando facili e scontate banalizzazioni.  In questo libro, immagini e parole si alternano a raccontare la quotidianità di un popolo che ha insegnato al Mondo intero il valore della Libertà, e che oggi, cerca di riscattare il proprio passato riacquistando fiducia in sé stesso.  Il libro si compone di cinque sezioni, cinque prospettive diverse per immergersi nella bellezza di Haiti.  Il libro è un invito a visitare questo Paese, dimostrando che, a dispetto degli uomini e degli eventi, dietro al velo del tempo e della trascuratezza, giace ancora, brillante e intatta, la vera Perla delle Antille : Ayiti." />
<meta property="og:url" content="https://anpil.org/prodotto/ayti-terra-delle-alte-montagne/" />
<meta property="og:site_name" content="Anpil" />
<meta property="article:modified_time" content="2024-07-04T14:45:21+00:00" />
<meta property="og:image" content="https://anpil.org/wp-content/uploads/2023/03/copertina-ayiti.jpg" />
	<meta property="og:image:width" content="680" />
	<meta property="og:image:height" content="666" />
	<meta property="og:image:type" content="image/jpeg" />
<meta name="twitter:card" content="summary_large_image" />
<script type="application/ld+json" class="yoast-schema-graph">{"@context":"https://schema.org","@graph":[{"@type":"WebPage","@id":"https://anpil.org/prodotto/ayti-terra-delle-alte-montagne/","url":"https://anpil.org/prodotto/ayti-terra-delle-alte-montagne/","name":"Libro fotografico \"AYITI\" (prima edizione) - Anpil","isPartOf":{"@id":"https://anpil.org/#website"},"primaryImageOfPage":{"@id":"https://anpil.org/prodotto/ayti-terra-delle-alte-montagne/#primaryimage"},"image":{"@id":"https://anpil.org/prodotto/ayti-terra-delle-alte-montagne/#primaryimage"},"thumbnailUrl":"https://anpil.org/wp-content/uploads/2023/03/copertina-ayiti.jpg","datePublished":"2023-03-06T13:16:39+00:00","dateModified":"2024-07-04T14:45:21+00:00","breadcrumb":{"@id":"https://anpil.org/prodotto/ayti-terra-delle-alte-montagne/#breadcrumb"},"inLanguage":"en-US","potentialAction":[{"@type":"ReadAction","target":["https://anpil.org/prodotto/ayti-terra-delle-alte-montagne/"]}]},{"@type":"ImageObject","inLanguage":"en-US","@id":"https://anpil.org/prodotto/ayti-terra-delle-alte-montagne/#primaryimage","url":"https://anpil.org/wp-content/uploads/2023/03/copertina-ayiti.jpg","contentUrl":"https://anpil.org/wp-content/uploads/2023/03/copertina-ayiti.jpg","width":680,"height":666},{"@type":"BreadcrumbList","@id":"https://anpil.org/prodotto/ayti-terra-delle-alte-montagne/#breadcrumb","itemListElement":[{"@type":"ListItem","position":1,"name":"Home","item":"https://anpil.org/"},{"@type":"ListItem","position":2,"name":"Shop","item":"https://anpil.org/negozio/"},{"@type":"ListItem","position":3,"name":"Libro fotografico &#8220;AYITI&#8221; (prima edizione)"}]},{"@type":"WebSite","@id":"https://anpil.org/#website","url":"https://anpil.org/","name":"Anpil","description":"Insieme per il futuro dei bambini","publisher":{"@id":"https://anpil.org/#organization"},"potentialAction":[{"@type":"SearchAction","target":{"@type":"EntryPoint","urlTemplate":"https://anpil.org/?s={search_term_string}"},"query-input":{"@type":"PropertyValueSpecification","valueRequired":true,"valueName":"search_term_string"}}],"inLanguage":"en-US"},{"@type":"Organization","@id":"https://anpil.org/#organization","name":"Anpil","url":"https://anpil.org/","logo":{"@type":"ImageObject","inLanguage":"en-US","@id":"https://anpil.org/#/schema/logo/image/","url":"https://anpil.org/wp-content/uploads/2021/07/Logo-ANPIL-insieme-per-i-bambini.png","contentUrl":"https://anpil.org/wp-content/uploads/2021/07/Logo-ANPIL-insieme-per-i-bambini.png","width":800,"height":231,"caption":"Anpil"},"image":{"@id":"https://anpil.org/#/schema/logo/image/"}}]}</script>
<!-- / Yoast SEO plugin. -->

Questo libro fotografico vuole essere un omaggio ad un Paese straordinario e unico.  Nasce dal desiderio di raccontare Haiti al di là dello stereotipo classico della meta caraibica, evitando facili e scontate banalizzazioni.  In questo libro, immagini e parole si alternano a raccontare la quotidianità di un popolo che ha insegnato al Mondo intero il valore della Libertà, e che oggi, cerca di riscattare il proprio passato riacquistando fiducia in sé stesso.  Il libro si compone di cinque sezioni, cinque prospettive diverse per immergersi nella bellezza di Haiti.  Il libro è un invito a visitare questo Paese, dimostrando che, a dispetto degli uomini e degli eventi, dietro al velo del tempo e della trascuratezza, giace ancora, brillante e intatta, la vera Perla delle Antille : Ayiti.
